{"id":23,"date":"2016-12-20T07:30:43","date_gmt":"2016-12-20T07:30:43","guid":{"rendered":"http:\/\/scyr.fei.tuke.sk\/?page_id=23"},"modified":"2026-04-16T14:22:56","modified_gmt":"2026-04-16T14:22:56","slug":"information-for-authors","status":"publish","type":"page","link":"https:\/\/scyr.fei.tuke.sk\/index.php\/information-for-authors\/","title":{"rendered":"For Authors"},"content":{"rendered":"<p><!--\n\n\n<h3><span data-mce-type=\"bookmark\" style=\"display: inline-block; width: 0px; overflow: hidden; line-height: 0;\" class=\"mce_SELRES_start\"><\/span><span style=\"font-size: medium;\">Final programme\n<\/span><\/h3>\n\n\n<span style=\"font-size: small;\">Final conference programme for SCYR 2019 is now online including both times and names.<\/span>\n\n[fileaway base=\"2\" mod=\"no\" style=\"silk\" color=\"black\" accent=\"black\" iconcolor=\"red\"]--><\/p>\n<h5><span style=\"font-size: 12pt;\">Final Conference Program<\/span><\/h5>\n<p>We are pleased to announce that the final conference programme has now been published: <a href=\"https:\/\/scyr.fei.tuke.sk\/wp-content\/uploads\/2026\/04\/SCYR-2026-Conference-Programme-Final-Version.pdf\">Final Conference Program<\/a>. We look forward to welcoming you and sharing an inspiring and engaging conference experience !<\/p>\n<h5><span style=\"font-size: 12pt;\">Preliminary Conference Program<\/span><\/h5>\n<p>The preliminary conference program has been published: <a href=\"https:\/\/scyr.fei.tuke.sk\/wp-content\/uploads\/2026\/04\/SCYR-2026-Conference-Programme-Preliminary-version-14-April.pdf\">Preliminary Conference Program<\/a>. Kindly note that conference organizers reserve the right to modify or make minor adjustments to the program at any time.<\/p>\n<h5><span style=\"font-size: 12pt;\">Guidelines for Presentation<\/span><\/h5>\n<p>The official language of the conference is Slovak. During your presentation, you are required to speak in Slovak. Your presentation slides must be prepared in English. The total time reserved for your presentation <strong>must not exceed 5 minutes<\/strong> (approximately 8\u20139 slides). This time limit will be strictly enforced by the Committee in your Section. The presentation will be followed by up to 1 minute for questions from the Committee or the Audience. No specific template is required for preparing of your presentation.<\/p>\n<h5><span style=\"font-size: 12pt;\">Paper submission<\/span><\/h5>\n<p>All full-time PhD students at the Faculty of Electrical Engineering and Informatics are expected to submit a paper to SCYR 2026. Students are required to submit their paper in English language, in pdf format and thoroughly proofread the paper for grammar and spelling accuracy.<\/p>\n<h5><span style=\"font-size: 12pt;\">Submission system<\/span><\/h5>\n<p>The conference management system for uploading the papers is EasyChair. You can upload your paper here: <a href=\"https:\/\/easychair.org\/conferences\/?conf=scyr2026\">INITIAL SUBMISSION<\/a>.<\/p>\n<p><strong><span style=\"font-size: 12pt;\">Instructions and paper templates<\/span><\/strong><\/p>\n<p>Please, use the current SCYR paper templates from this website. Carefully review and follow the provided instructions. Failure to follow these guidelines may result in your paper being returned for revisions before acceptance. It&#8217;s essential that all submitted papers strictly adhere to the formatting guidelines on the conference website.<\/p>\n<div style=\"width: 100%; display: block; clear: both; float: none;\">\n<div style=\"width: 100%; display: block; float: none; clear: both;\"><div id='ssfa-meta-container-8704' class='ssfa-meta-container   ' data-uid='8704'  style='margin: 10px 0 20px;   float:left; margin-right:15px;'><div id='ssfa-list-wrap-8704' class='ssfa-silk'><div class=\"ssfa-clearfix\" style=\"margin-bottom:10px!important;\"><\/div><a id='ssfa-8704-1' class=' ssfa-brown accent-brown' href=\"http:\/\/scyr.fei.tuke.sk\/wp-content\/scyr-files\/templates\/LaTeX_template.zip\" download=\"LaTeX_template.zip\" data-stat='false'><div class='ssfa-listitem '><span class='ssfa-topline'><span data-ssfa-icon='&#x27;' class='ssfa-listicon  ssfa-brown' aria-hidden='true'><\/span> <span class='ssfa-filename' >LaTeX Template<\/span> <span class='ssfa-listfilesize'>530.6k<\/span><\/span> <\/div><\/a><a id='ssfa-8704-2' class=' ssfa-brown accent-brown' href=\"http:\/\/scyr.fei.tuke.sk\/wp-content\/scyr-files\/templates\/Word_template.zip\" download=\"Word_template.zip\" data-stat='false'><div class='ssfa-listitem '><span class='ssfa-topline'><span data-ssfa-icon='&#x27;' class='ssfa-listicon  ssfa-brown' aria-hidden='true'><\/span> <span class='ssfa-filename' >Word Template<\/span> <span class='ssfa-listfilesize'>5.1M<\/span><\/span> <\/div><\/a><\/div><\/div><\/div>\n<\/div>\n<div style=\"clear: both;\"><\/div>\n<p>Remember to include your supervisor&#8217;s name and your year of study (examples are provided in both templates). When converting your document to PDF, ensure the page size is A4, not Letter. Double-check the spelling of author names, as this information is crucial for the conference proceedings.\u00a0Pay close attention to diacritics and spelling. For example, &#8220;Nos\u00e1\u013e&#8221; is correct; &#8220;Nosal&#8221; and &#8220;Nosa\u013e&#8221; are incorrect. The same applies to your paper&#8217;s title (the submission title).<\/p>\n<p>Your paper will be assigned to either the <em>Electrical Engineering<\/em> or <em>Computer Science<\/em> section based on its topic. The submission format must match the camera-ready format. Each paper must be single-authored and focus entirely on the student&#8217;s PhD dissertation and research findings. The required length and content vary depending on the student&#8217;s year of study, so please follow the specific instructions below.<\/p>\n<p>&nbsp;<\/p>\n<p><strong>PhD students in their 1st year of study<\/strong><\/p>\n<p data-sourcepos=\"1:1-1:343\">You must submit <strong>strictly a four-page (8 columns) review paper<\/strong> summarizing the current state of knowledge in your dissertation&#8217;s research field. The 80% of the last page must be filled. The paper should critically analyze and evaluate existing published work in the field, clearly formulating your perspective on these contributions. The paper should include:<\/p>\n<ul>\n<li data-sourcepos=\"1:1-1:343\"><em>Introduction<\/em>: A brief introduction to the topic and the motivation for addressing the research task (approximately 0.5 columns).<\/li>\n<li data-sourcepos=\"1:1-1:343\"><em>Literature Review and Analysis:<\/em> The analysis outlines the current state of global knowledge in the field, including a literature review with commentary and the PhD student\u2019s own perspective, supported by relevant references (approximately 5 columns).<\/li>\n<li data-sourcepos=\"1:1-1:343\"><em>Problem Identification and Future Directions<\/em>: A summary of the problems that have been solved and those that remain open, including an identification of which issues are feasible to address and an outline of the proposed direction for further work (approximately 1.5 columns).<\/li>\n<li data-sourcepos=\"1:1-1:343\"><em>References<\/em>: A list of 15 to 20 references, primarily from scientific articles published within the last 10 years.<\/li>\n<\/ul>\n<p>&nbsp;<\/p>\n<p><strong>PhD students in their 2nd year and above<\/strong><\/p>\n<p>You must submit <strong>strictly a 3 pages long (6-columns) paper with at least 80% of the last page filled<\/strong>. The paper provides a summary of your work carried out during the past academic year. The paper should include:<\/p>\n<ul>\n<li><em>Introduction and Motivation:<\/em> A brief introduction to the topic and the motivation for addressing the research task (approximately 0.5 columns).<\/li>\n<li><em>Background and Progress<\/em>:The initial stage of the research task, including a summary of the issues that have already been addressed (approximately 1 column).<\/li>\n<li><em>Recent Achievements:<\/em> A description of the tasks completed in the previous year, the results obtained and their interpretation, the student\u2019s key achievements, potential awards, and recognition based on their major publications during the assessed period (approximately 2.5 to 3 columns).<\/li>\n<li><em>Future Plans<\/em>: Proposed next steps for the forthcoming period, if applicable (approximately 0.5 columns).<\/li>\n<li><em>References<\/em>:\u00a0The list of references containing at least 6 references.<\/li>\n<\/ul>\n<p>&nbsp;<\/p>\n<p><strong><span style=\"font-size: 12pt;\">Undergraduate (Bc.) and graduate (Ing.) papers<\/span><\/strong><\/p>\n<p>These papers showcase the results and contributions of bachelor&#8217;s and master&#8217;s (engineer&#8217;s) theses. Each paper can have a maximum of two authors, one of whom <em>must<\/em> be a bachelor&#8217;s or master&#8217;s student. A PhD student may be a co-author, but cannot be the sole author. If there are two authors, neither can be a PhD student. A PhD student who co-authors a paper in this category is still required to submit his own paper as PhD student.<\/p>","protected":false},"excerpt":{"rendered":"<p>Final Conference Program We are pleased to announce that the final conference programme has now been published: Final Conference Program. We look forward to welcoming you and sharing an inspiring and engaging conference experience ! Preliminary Conference Program The preliminary conference program has been published: Preliminary Conference Program. Kindly note that conference organizers reserve the &hellip; <\/p>","protected":false},"author":7,"featured_media":0,"parent":0,"menu_order":0,"comment_status":"closed","ping_status":"closed","template":"","meta":{"footnotes":""},"class_list":["post-23","page","type-page","status-publish","hentry"],"_links":{"self":[{"href":"https:\/\/scyr.fei.tuke.sk\/index.php\/wp-json\/wp\/v2\/pages\/23","targetHints":{"allow":["GET"]}}],"collection":[{"href":"https:\/\/scyr.fei.tuke.sk\/index.php\/wp-json\/wp\/v2\/pages"}],"about":[{"href":"https:\/\/scyr.fei.tuke.sk\/index.php\/wp-json\/wp\/v2\/types\/page"}],"author":[{"embeddable":true,"href":"https:\/\/scyr.fei.tuke.sk\/index.php\/wp-json\/wp\/v2\/users\/7"}],"replies":[{"embeddable":true,"href":"https:\/\/scyr.fei.tuke.sk\/index.php\/wp-json\/wp\/v2\/comments?post=23"}],"version-history":[{"count":148,"href":"https:\/\/scyr.fei.tuke.sk\/index.php\/wp-json\/wp\/v2\/pages\/23\/revisions"}],"predecessor-version":[{"id":6219,"href":"https:\/\/scyr.fei.tuke.sk\/index.php\/wp-json\/wp\/v2\/pages\/23\/revisions\/6219"}],"wp:attachment":[{"href":"https:\/\/scyr.fei.tuke.sk\/index.php\/wp-json\/wp\/v2\/media?parent=23"}],"curies":[{"name":"wp","href":"https:\/\/api.w.org\/{rel}","templated":true}]}}